at is 436 + -49?
398
In base 12, what is -6 + 1495?
148b
In base 14, what is 3537 + 16?
354d
In base 7, what is 11 - 3226?
-3215
In base 11, what is -33a2 + 11?
-3391
In base 14, what is -4764d6 + 4?
-4764d2
In base 16, what is -e0c7 + -5?
-e0cc
In base 5, what is -10 - 21144210?
-21144220
In base 11, what is 11162 + -92?
11080
In base 8, what is -7655 + -44?
-7721
In base 8, what is 470 - -3265?
3755
In base 4, what is 11202202 - 1?
11202201
In base 7, what is 1 - 1430?
-1426
In base 3, what is 1 - 22200000220?
-22200000212
In base 2, what is 11111010010100 + 1000?
11111010011100
In base 16, what is 6f + -7?
68
In base 8, what is -17 + 1717102?
1717063
In base 7, what is -301 + 2136?
1535
In base 2, what is 100 + -100010101111101?
-100010101111001
In base 7, what is 4420 - -46?
4466
In base 6, what is 111 - -3135?
3250
In base 16, what is 0 + bafc?
bafc
In base 6, what is 3015200 - 4?
3015152
In base 3, what is 1221 + 21111001?
21112222
In base 11, what is -2 - -a6170?
a6169
In base 16, what is 7 + fb9a?
fba1
In base 5, what is 33 + -213232?
-213144
In base 16, what is 412e + 26?
4154
In base 2, what is 1 + -1000111100010?
-1000111100001
In base 12, what is -230a - -23?
-22a7
In base 3, what is 110 + -1111022001?
-1111021121
In base 13, what is -3 - 73507?
-7350a
In base 6, what is -5113 + -1?
-5114
In base 2, what is 1 + 11011100101000111?
11011100101001000
In base 14, what is 1 + 4dbd8?
4dbd9
In base 13, what is -5 + -9c640?
-9c645
In base 11, what is -17 + -3732?
-3749
In base 14, what is -33bb + 0?
-33bb
In base 9, what is 6827 + 0?
6827
In base 13, what is 5 + 1458c0?
1458c5
In base 15, what is 68 - 75aa?
-7542
In base 14, what is 31c4 + -5?
31bd
In base 6, what is 1550541 + 0?
1550541
In base 15, what is -4e5e + 26?
-4e38
In base 9, what is -4263 - -140?
-4123
In base 15, what is -1333c2 + -1?
-1333c3
In base 13, what is -4 - -2a6a?
2a66
In base 2, what is -111 - -110000001100?
110000000101
In base 8, what is -66 - -6455?
6367
In base 13, what is -302a + -20?
-304a
In base 11, what is 971 - -3?
974
In base 16, what is -d3 - 69?
-13c
In base 7, what is 26 - -151124?
151153
In base 11, what is 8a98 - 50?
8a48
In base 9, what is 17 + 41076?
41104
In base 5, what is -102 + 1241?
1134
In base 4, what is 10202210231 + -11?
10202210220
In base 11, what is 8 - -282308?
282315
In base 7, what is 3343126 - 0?
3343126
In base 15, what is 1b8 + -81?
137
In base 6, what is 4 - 43422234?
-43422230
In base 5, what is 43021 + -2401?
40120
In base 15, what is -2d313 + 5?
-2d30d
In base 4, what is 33000 + 211?
33211
In base 6, what is 11541 - -43?
12024
In base 3, what is 222 + -100002001001?
-100002000002
In base 7, what is -640 - 13?
-653
In base 15, what is -5 - -102be4?
102bde
In base 5, what is 30213233 - -2?
30213240
In base 16, what is -46bb2 - 0?
-46bb2
In base 4, what is 11 - -3110001?
3110012
In base 13, what is 198a + 6?
1993
In base 13, what is 313b + -7?
3134
In base 11, what is -51 + -11787?
-11828
In base 10, what is -13 - -2344?
2331
In base 14, what is 29 - 1027a?
-10251
In base 2, what is -10001100 - 1101111010?
-10000000110
In base 4, what is -231 + 302311?
302020
In base 14, what is -76c5 + a?
-76b9
In base 14, what is -4 - -6757?
6753
In base 15, what is -8180 - -4?
-817b
In base 7, what is -32115 + 10?
-32105
In base 16, what is a0c + 155?
b61
In base 2, what is 0 + 110101000011100?
110101000011100
In base 5, what is -242110 - 1?
-242111
In base 4, what is -2101 - -3210?
1103
In base 5, what is 12 - 1322303?
-1322241
In base 7, what is -5624 - 140?
-6064
In base 5, what is -32104 + -10?
-32114
In base 13, what is -3675 + 2?
-3673
In base 7, what is 12200 - -213?
12413
In base 6, what is -10412 + 44?
-10324
In base 9, what is 310653 + -1?
310652
In base 3, what is -1020201 + 1012?
-1012112
In base 2, what is -10001001000110 - -1?
-10001001000101
In base 5, what is 143100 + 444?
144044
In base 6, what is -15 - 32030?
-32045
In base 15, what is 3 + -2622c?
-26229
In base 7, what is 3155 - -130?
3315
In base 14, what is 4 + -80a8?
-80a4
In base 2, what is 1 - -11011000101110?
11011000101111
In base 12, what is 2b + 804?
833
In base 16, what is -7a + -af?
-129
In base 13, what is -b17 - -44?
-aa3
In base 15, what is 3ea3 + -1?
3ea2
In base 3, what is 120 + -12120200112?
-12120122222
In base 8, what is 217 - -7?
226
In base 16, what is -9 + cea5?
ce9c
In base 11, what is -4aa + -16?
-515
In base 15, what is -3cb - 54e?
-92a
In base 11, what is -1271 - -16?
-1256
In base 5, what is 10324200 - 0?
10324200
In base 12, what is -4a8b8 - 5?
-4a901
In base 10, what is 259 + 12?
271
In base 8, what is -2 - 240734?
-240736
In base 12, what is 3 + 8b474a?
8b4751
In base 13, what is c1554 - -3?
c1557
In base 2, what is 10100101010001010 + 11?
10100101010001101
In base 13, what is 4 + -22676?
-22672
In base 9, what is -621 - -14044?
13323
In base 11, what is 5a + -9592?
-9533
In base 9, what is 0 + 66860?
66860
In base 6, what is -1 + -410111?
-410112
In base 2, what is 10110000101 + 101010100?
11011011001
In base 15, what is 50 - -968?
9b8
In base 13, what is 3 - -165669?
16566c
In base 2, what is 1 - 10110110001000000?
-10110110000111111
In base 9, what is 1384 + -25?
1358
In base 2, what is 1101100111 - -111110011011?
1001100000010
In base 11, what is -620 + 541?
-8a
In base 10, what is -12 - -2446?
2434
In base 16, what is -9f + 1c04?
1b65
In base 5, what is 0 + -310030?
-310030
In base 8, what is -12 - 1577?
-1611
In base 5, what is 10 - -4344002?
4344012
In base 9, what is -820 + 67?
-742
In base 12, what is -8965 - 4?
-8969
In base 8, what is -5 - -576310?
576303
In base 6, what is 10015 - 42?
5533
In base 9, what is 1 + -213373?
-213372
In base 3, what is -120112202 + 212?
-120111220
In base 13, what is -6 - -33b24?
33b1b
In base 4, what is 102132021 - 10?
102132011
In base 16, what is 2396 + 7?
239d
In base 13, what is -13112a + -1?
-13112b
In base 13, what is 5 + 17068c?
170694
In base 5, what is -2 - -104104012?
104104010
In base 16, what is b1b - 1a9?
972
In base 8, what is -113 - -154627?
154514
In base 6, what is 2030003 - 4?
2025555
In base 2, what is -1001010000101 - 10001111?
-1001100010100
In base 2, what is -101000111110 + -1?
-101000111111
In base 4, what is -1103 - -3121002?
3113233
In base 15, what is 6d73 - 14?
6d5e
In base 6, what is 225 - -4012?
4241
In base 9, what is 664645 + -2?
664643
In base 13, what is 5b9a + 5?
5ba2
In base 14, what is -2 + -9412?
-9414
In base 10, what is -7 + 391544?
391537
In base 7, what is 441 - 2645?
-2204
In base 11, what is -26877 - 6?
-26882
In base 3, what is 222 - 22222001?
-22221002
In base 11, what is 4 + 2887a?
28883
In base 10, what is 41 + 1342?
1383
In base 5, what is 13031 + 21?
13102
In base 8, what is -116154 + 4?
-116150
In base 12, what is 90988 + 5?
90991
In base 4, what is -2 - -23213210?
23213202
In base 12, what is -171 + -a9?
-25a
In base 12, what is 730487 - -4?
73048b
In base 14, what is -1c40 + 0?
-1c40
In base 14, what is c - 625c3?
-625b5
In base 10, what is -6 - -808?
802
In base 11, what is 2 - 72a7?
-72a5
In base 12, what is 248a0 - -6?
248a6
In base 2, what is 1000 + -101111101011001?
-101111101010001
In base 15, what is -336 - -12b?
-20a
In base 15, what is -7 + -21ee?
-2206
In base 7, what is 110 - -42321?
42431
In base 3, what is -1 + -2112121121?
-2112121122
In base 16, what is -2 - -d10d?
d10b
In base 3, what is 1221020 - 10210?
1210110
In base 3, what is 1010100100220 - -2?
1010100100222
In base 11, what is 7962 + 4?
7966
In base 7, what is -614510 - 0?
-614510
In base 8, what is 0 + 1012744?
1012744
In base 8, what is 152 + -160?
-6
In base 16, what is c + eba?
ec6
In base 6, what is -42242314 - 4?
-42242322
In base 7, what is -3 - 1426062?
-1426065
In base 6, what is 232035 - 25?
232010
In base 11, what is 170 + -1252a?
-1236a
In base 13, what is -93b8 - 3?
-93bb
In base 15, what is d - 11a3?
-1195
In base 3, what is -1 + -2102021?
-2102022
In base 2, what is 10010 + 1101101001?
1101111011
In base 10, what is -5 + 254024?
254019
In base 13, what is 3 + 147126?
147129
In base 6, what is -10 - -15041?
15031
In base 9, what is -43 + -4307?
-4351
In base 14, what is 0 + cdc0?
cdc0
In base 5, what is 103 - -422343?
423001
In base 13, what is 1 + -1376b?
-1376